{"id":2837,"date":"2017-11-04T20:09:48","date_gmt":"2017-11-04T20:09:48","guid":{"rendered":"http:\/\/kbdzik.pl\/?page_id=2837"},"modified":"2017-11-04T20:09:48","modified_gmt":"2017-11-04T20:09:48","slug":"dog-run-2017","status":"publish","type":"page","link":"https:\/\/kbdzik.pl\/?page_id=2837","title":{"rendered":"Dog Run 2017"},"content":{"rendered":"<h1 style=\"text-align: center;\"><strong>WYNIKI 2017<\/strong><\/h1>\n<h2 style=\"text-align: center;\"><strong>KOBIETY OPEN &#8211; BIEG<\/strong><\/h2>\n<table style=\"height: 1592px;\" width=\"825\">\n<tbody>\n<tr>\n<td width=\"64\">1<\/td>\n<td width=\"214\">M\u0141YNARCZYK TATIANA<\/td>\n<td width=\"118\"><\/td>\n<td width=\"64\">49<\/td>\n<td width=\"64\"><\/td>\n<\/tr>\n<tr>\n<td>2<\/td>\n<td width=\"214\">ZAGROCKA MIROS\u0141AWA<\/td>\n<td><\/td>\n<td>72<\/td>\n<td><\/td>\n<\/tr>\n<tr>\n<td>3<\/td>\n<td width=\"214\">JAROS\u0141AWSKA SANDRA<\/td>\n<td><\/td>\n<td>48<\/td>\n<td><\/td>\n<\/tr>\n<tr>\n<td>4<\/td>\n<td width=\"214\">NOWAK MA\u0141GORZATA<\/td>\n<td><\/td>\n<td>94<\/td>\n<td><\/td>\n<\/tr>\n<tr>\n<td>5<\/td>\n<td width=\"214\">JAROS\u0141AWSKA JOWITA<\/td>\n<td><\/td>\n<td>83<\/td>\n<td><\/td>\n<\/tr>\n<tr>\n<td>6<\/td>\n<td width=\"214\">SAKOWSKA-CAR\u0141O MAGDA<\/td>\n<td><\/td>\n<td>90<\/td>\n<td><\/td>\n<\/tr>\n<tr>\n<td>7<\/td>\n<td width=\"214\">WITKOWSKA ANNA<\/td>\n<td><\/td>\n<td>33<\/td>\n<td><\/td>\n<\/tr>\n<tr>\n<td>8<\/td>\n<td width=\"214\">\u017bYLUK BO\u017bENA<\/td>\n<td><\/td>\n<td>12<\/td>\n<td><\/td>\n<\/tr>\n<tr>\n<td>9<\/td>\n<td width=\"214\">STR\u0104K IZABELA<\/td>\n<td width=\"118\"><\/td>\n<td>29<\/td>\n<td><\/td>\n<\/tr>\n<tr>\n<td>10<\/td>\n<td width=\"214\">SZUMAN KATARZYNA<\/td>\n<td><\/td>\n<td>vip 22<\/td>\n<td><\/td>\n<\/tr>\n<tr>\n<td>11<\/td>\n<td width=\"214\">ZIEMBICKA EMILIA<\/td>\n<td><\/td>\n<td>vip 17<\/td>\n<td><\/td>\n<\/tr>\n<tr>\n<td>12<\/td>\n<td width=\"214\">NOCNA ANNA<\/td>\n<td><\/td>\n<td>73<\/td>\n<td><\/td>\n<\/tr>\n<tr>\n<td>13<\/td>\n<td width=\"214\">CZARNECKA AGNIESZKA<\/td>\n<td><\/td>\n<td>27<\/td>\n<td><\/td>\n<\/tr>\n<tr>\n<td>14<\/td>\n<td width=\"214\">SROKA MILENA<\/td>\n<td><\/td>\n<td>21<\/td>\n<td><\/td>\n<\/tr>\n<tr>\n<td>15<\/td>\n<td width=\"214\">SWINIARSKA DIANA<\/td>\n<td><\/td>\n<td>91<\/td>\n<td><\/td>\n<\/tr>\n<tr>\n<td>16<\/td>\n<td width=\"214\">GIERCZAK KLAUDIA<\/td>\n<td><\/td>\n<td>2<\/td>\n<td><\/td>\n<\/tr>\n<tr>\n<td>17<\/td>\n<td width=\"214\">SZOSTAK MA\u0141GORZATA<\/td>\n<td><\/td>\n<td>3<\/td>\n<td><\/td>\n<\/tr>\n<tr>\n<td>18<\/td>\n<td width=\"214\">TALAREK MAGDALENA<\/td>\n<td><\/td>\n<td>81<\/td>\n<td><\/td>\n<\/tr>\n<tr>\n<td>19<\/td>\n<td width=\"214\">KEMPISTY ALICJA<\/td>\n<td><\/td>\n<td>20<\/td>\n<td><\/td>\n<\/tr>\n<tr>\n<td>20<\/td>\n<td width=\"214\">RZYMSKA MARTA<\/td>\n<td><\/td>\n<td>24<\/td>\n<td><\/td>\n<\/tr>\n<tr>\n<td>21<\/td>\n<td width=\"214\">MURAWSKA DOROTA<\/td>\n<td><\/td>\n<td>82<\/td>\n<td><\/td>\n<\/tr>\n<tr>\n<td>22<\/td>\n<td width=\"214\">STELMACH MARLENA<\/td>\n<td><\/td>\n<td>97<\/td>\n<td><\/td>\n<\/tr>\n<tr>\n<td>23<\/td>\n<td width=\"214\">JANICKA PAULINA<\/td>\n<td><\/td>\n<td>99<\/td>\n<td><\/td>\n<\/tr>\n<tr>\n<td>24<\/td>\n<td width=\"214\">NIEWIADOMSKA MAGDALENA<\/td>\n<td><\/td>\n<td>6<\/td>\n<td><\/td>\n<\/tr>\n<tr>\n<td>25<\/td>\n<td width=\"214\">SZAMETA AGATA<\/td>\n<td><\/td>\n<td>59<\/td>\n<td><\/td>\n<\/tr>\n<tr>\n<td>26<\/td>\n<td width=\"214\">DUDA ANNA<\/td>\n<td width=\"118\">MAZUREK EWA<\/td>\n<td>80<\/td>\n<td>79<\/td>\n<\/tr>\n<tr>\n<td>27<\/td>\n<td width=\"214\">ZIARKIEWICZ ANETA<\/td>\n<td><\/td>\n<td>9<\/td>\n<td><\/td>\n<\/tr>\n<tr>\n<td>28<\/td>\n<td width=\"214\">STA\u0143CZAK KATARZYNA<\/td>\n<td><\/td>\n<td>68<\/td>\n<td><\/td>\n<\/tr>\n<tr>\n<td>29<\/td>\n<td width=\"214\">DIETRICH AGNIESZKA<\/td>\n<td><\/td>\n<td>58<\/td>\n<td><\/td>\n<\/tr>\n<tr>\n<td>30<\/td>\n<td width=\"214\">KUPNIEWSKA ALEKSANDRA<\/td>\n<td><\/td>\n<td>1<\/td>\n<td><\/td>\n<\/tr>\n<tr>\n<td>31<\/td>\n<td width=\"214\">DROZDEK JOANNA<\/td>\n<td><\/td>\n<td>19<\/td>\n<td><\/td>\n<\/tr>\n<tr>\n<td>32<\/td>\n<td width=\"214\">SERKOWSKA PAULINA<\/td>\n<td><\/td>\n<td>39<\/td>\n<td><\/td>\n<\/tr>\n<tr>\n<td>33<\/td>\n<td width=\"214\">KURASI\u0143SKA DOROTA<\/td>\n<td><\/td>\n<td>vip 15<\/td>\n<td><\/td>\n<\/tr>\n<tr>\n<td>34<\/td>\n<td width=\"214\">MATULKA DOMINIKA<\/td>\n<td><\/td>\n<td>32<\/td>\n<td><\/td>\n<\/tr>\n<tr>\n<td>35<\/td>\n<td width=\"214\">WO\u0179NY ANNA<\/td>\n<td width=\"118\">TALAREK AGATA<\/td>\n<td>53<\/td>\n<td>60<\/td>\n<\/tr>\n<tr>\n<td>36<\/td>\n<td width=\"214\">KORACH ALEKSANDRA<\/td>\n<td><\/td>\n<td>46<\/td>\n<td><\/td>\n<\/tr>\n<tr>\n<td>37<\/td>\n<td width=\"214\">HUDECKA EVELYN<\/td>\n<td><\/td>\n<td>45<\/td>\n<td><\/td>\n<\/tr>\n<tr>\n<td>38<\/td>\n<td width=\"214\">PUFF AGATA<\/td>\n<td><\/td>\n<td>vip2<\/td>\n<td><\/td>\n<\/tr>\n<tr>\n<td>39<\/td>\n<td width=\"214\">MIKO\u0141AJCZYK KAROLINA<\/td>\n<td><\/td>\n<td>vip 13<\/td>\n<td><\/td>\n<\/tr>\n<tr>\n<td>40<\/td>\n<td width=\"214\">KORACH ALEKSANDRA<\/td>\n<td><\/td>\n<td>46<\/td>\n<td><\/td>\n<\/tr>\n<tr>\n<td>41<\/td>\n<td width=\"214\">HUDECKA EVELYN<\/td>\n<td><\/td>\n<td>45<\/td>\n<td><\/td>\n<\/tr>\n<tr>\n<td>42<\/td>\n<td width=\"214\">PUFF AGATA<\/td>\n<td><\/td>\n<td>vip2<\/td>\n<td><\/td>\n<\/tr>\n<tr>\n<td>43<\/td>\n<td width=\"214\">MIKO\u0141AJCZYK KAROLINA<\/td>\n<td><\/td>\n<td>vip 13<\/td>\n<td><\/td>\n<\/tr>\n<tr>\n<td>44<\/td>\n<td width=\"214\">NIEWIADOMSKA MAGDALENA<\/td>\n<td><\/td>\n<td>76<\/td>\n<td><\/td>\n<\/tr>\n<tr>\n<td>45<\/td>\n<td width=\"214\">DZIA\u0141OWSKA SARA<\/td>\n<td><\/td>\n<td>vip 4<\/td>\n<td><\/td>\n<\/tr>\n<tr>\n<td>46<\/td>\n<td width=\"214\">SERKOWSKA IZABELA<\/td>\n<td><\/td>\n<td>65<\/td>\n<td><\/td>\n<\/tr>\n<tr>\n<td>47<\/td>\n<td width=\"214\">KIELISZEK ANNA<\/td>\n<td><\/td>\n<td>11<\/td>\n<td><\/td>\n<\/tr>\n<tr>\n<td>48<\/td>\n<td width=\"214\">JASIK AGNIESZKA<\/td>\n<td><\/td>\n<td>64<\/td>\n<td><\/td>\n<\/tr>\n<tr>\n<td>49<\/td>\n<td width=\"214\">WALCZAK ALICJA<\/td>\n<td><\/td>\n<td>70<\/td>\n<td><\/td>\n<\/tr>\n<tr>\n<td>50<\/td>\n<td width=\"214\">MUCHA MARTYNA<\/td>\n<td><\/td>\n<td>41<\/td>\n<td><\/td>\n<\/tr>\n<tr>\n<td>51<\/td>\n<td width=\"214\">WASYL\u00d3W KATARZYNA<\/td>\n<td><\/td>\n<td>10<\/td>\n<td><\/td>\n<\/tr>\n<tr>\n<td>52<\/td>\n<td width=\"214\">MA\u0141ECKA KAROLINA<\/td>\n<td><\/td>\n<td>56<\/td>\n<td><\/td>\n<\/tr>\n<tr>\n<td>53<\/td>\n<td width=\"214\">MA\u0141YSA AGNIESZKA<\/td>\n<td><\/td>\n<td>96<\/td>\n<td><\/td>\n<\/tr>\n<tr>\n<td>54<\/td>\n<td width=\"214\">TATAROWICZ AGNIESZKA<\/td>\n<td><\/td>\n<td>50<\/td>\n<td><\/td>\n<\/tr>\n<tr>\n<td>55<\/td>\n<td width=\"214\">\u015aLESICKA BEATA<\/td>\n<td><\/td>\n<td>65<\/td>\n<td><\/td>\n<\/tr>\n<tr>\n<td>56<\/td>\n<td width=\"214\">HA\u0141AS RENATA<\/td>\n<td width=\"118\">KAROL ANNA<\/td>\n<td>100<\/td>\n<td>67<\/td>\n<\/tr>\n<tr>\n<td>57<\/td>\n<td width=\"214\">ZIARKIEWICZ ANETA<\/td>\n<td><\/td>\n<td>9<\/td>\n<td><\/td>\n<\/tr>\n<\/tbody>\n<\/table>\n<h2 style=\"text-align: center;\"><strong>PANOWIE OPEN &#8211; BIEG<\/strong><\/h2>\n<table width=\"473\">\n<tbody>\n<tr>\n<td width=\"64\">1<\/td>\n<td width=\"217\">SIECZKOWSKI MICHA\u0141<\/td>\n<td width=\"64\"><\/td>\n<td width=\"64\">52<\/td>\n<td width=\"64\"><\/td>\n<\/tr>\n<tr>\n<td>2<\/td>\n<td width=\"217\">WOJNACH ANDRZEJ<\/td>\n<td><\/td>\n<td>vip 24<\/td>\n<td><\/td>\n<\/tr>\n<tr>\n<td>3<\/td>\n<td width=\"217\">KUCHTA PIOTR<\/td>\n<td><\/td>\n<td>93<\/td>\n<td><\/td>\n<\/tr>\n<tr>\n<td>4<\/td>\n<td width=\"217\">OKRUTA BART\u0141OMIEJ<\/td>\n<td><\/td>\n<td>16<\/td>\n<td><\/td>\n<\/tr>\n<tr>\n<td>5<\/td>\n<td width=\"217\">PRZYBYSZ ADRIAN<\/td>\n<td><\/td>\n<td>20<\/td>\n<td><\/td>\n<\/tr>\n<tr>\n<td>6<\/td>\n<td width=\"217\">BARAN PATRYK<\/td>\n<td><\/td>\n<td>54<\/td>\n<td><\/td>\n<\/tr>\n<tr>\n<td>7<\/td>\n<td width=\"217\">MARCINIAK MIREK<\/td>\n<td><\/td>\n<td>51<\/td>\n<td><\/td>\n<\/tr>\n<tr>\n<td>8<\/td>\n<td width=\"217\">ADAMOWICZ DANIEL<\/td>\n<td><\/td>\n<td>14<\/td>\n<td><\/td>\n<\/tr>\n<tr>\n<td>9<\/td>\n<td width=\"217\">ROLLA DORIAN<\/td>\n<td><\/td>\n<td>92<\/td>\n<td><\/td>\n<\/tr>\n<tr>\n<td>10<\/td>\n<td width=\"217\">BZDAK MARIUSZ<\/td>\n<td><\/td>\n<td>66<\/td>\n<td><\/td>\n<\/tr>\n<tr>\n<td>11<\/td>\n<td width=\"217\">WAHN PRZEMYS\u0141AW<\/td>\n<td><\/td>\n<td>86<\/td>\n<td><\/td>\n<\/tr>\n<tr>\n<td>12<\/td>\n<td width=\"217\">WO\u0179NY ARTUR<\/td>\n<td><\/td>\n<td>61<\/td>\n<td><\/td>\n<\/tr>\n<tr>\n<td>13<\/td>\n<td width=\"217\">SACHARSKI BART\u0141OMIEJ<\/td>\n<td><\/td>\n<td>vip 3<\/td>\n<td><\/td>\n<\/tr>\n<tr>\n<td>14<\/td>\n<td width=\"217\">KOTOWSKI DOMINIK<\/td>\n<td><\/td>\n<td>15<\/td>\n<td><\/td>\n<\/tr>\n<tr>\n<td>15<\/td>\n<td width=\"217\">GNIEWOSZ PIOTR<\/td>\n<td><\/td>\n<td>43<\/td>\n<td><\/td>\n<\/tr>\n<tr>\n<td>16<\/td>\n<td width=\"217\">ZEMANKIEWICZ \u0141UKASZ<\/td>\n<td><\/td>\n<td>85<\/td>\n<td><\/td>\n<\/tr>\n<tr>\n<td>17<\/td>\n<td width=\"217\">HAWRYLAK MARCIN<\/td>\n<td><\/td>\n<td>77<\/td>\n<td><\/td>\n<\/tr>\n<tr>\n<td>18<\/td>\n<td width=\"217\">JELE\u0143SKI GRZEGORZ<\/td>\n<td><\/td>\n<td>95<\/td>\n<td><\/td>\n<\/tr>\n<tr>\n<td>19<\/td>\n<td width=\"217\">JASI\u0143SKI MICHA\u0141<\/td>\n<td><\/td>\n<td>74<\/td>\n<td><\/td>\n<\/tr>\n<tr>\n<td>20<\/td>\n<td width=\"217\">DYDY\u0143SKI DANIEL<\/td>\n<td><\/td>\n<td>34<\/td>\n<td><\/td>\n<\/tr>\n<tr>\n<td>21<\/td>\n<td width=\"217\">PIETRACHA KONRAD<\/td>\n<td><\/td>\n<td>8<\/td>\n<td><\/td>\n<\/tr>\n<tr>\n<td>22<\/td>\n<td width=\"217\">GAWRO\u0143SKI \u0141UKASZ<\/td>\n<td><\/td>\n<td>22<\/td>\n<td><\/td>\n<\/tr>\n<tr>\n<td>23<\/td>\n<td width=\"217\">SOWA KRZYSZTOF<\/td>\n<td><\/td>\n<td>62<\/td>\n<td><\/td>\n<\/tr>\n<tr>\n<td>24<\/td>\n<td width=\"217\">MAZUREK RAFA\u0141<\/td>\n<td><\/td>\n<td>78<\/td>\n<td><\/td>\n<\/tr>\n<tr>\n<td>25<\/td>\n<td width=\"217\">PADOL LESZEK<\/td>\n<td><\/td>\n<td>vip 21<\/td>\n<td><\/td>\n<\/tr>\n<tr>\n<td>26<\/td>\n<td width=\"217\">KOPKA ARTUT<\/td>\n<td><\/td>\n<td>vip 18<\/td>\n<td><\/td>\n<\/tr>\n<tr>\n<td>27<\/td>\n<td width=\"217\">LISIECKI MARCIN<\/td>\n<td><\/td>\n<td>44<\/td>\n<td><\/td>\n<\/tr>\n<tr>\n<td>28<\/td>\n<td width=\"217\">KURZYMSKI PIOTR<\/td>\n<td><\/td>\n<td>5<\/td>\n<td><\/td>\n<\/tr>\n<tr>\n<td>29<\/td>\n<td width=\"217\">MOSKWA GRZEGORZ<\/td>\n<td><\/td>\n<td>36<\/td>\n<td><\/td>\n<\/tr>\n<tr>\n<td>30<\/td>\n<td width=\"217\">ZAROBIAK PIOTR<\/td>\n<td><\/td>\n<td>25<\/td>\n<td><\/td>\n<\/tr>\n<tr>\n<td>31<\/td>\n<td width=\"217\">W\u0118GIELNIK PATRYK<\/td>\n<td><\/td>\n<td>7<\/td>\n<td><\/td>\n<\/tr>\n<tr>\n<td>32<\/td>\n<td width=\"217\">BEJSTER PRZEMYS\u0141AW<\/td>\n<td><\/td>\n<td>57<\/td>\n<td><\/td>\n<\/tr>\n<tr>\n<td>33<\/td>\n<td width=\"217\">NOWACKI TOMASZ<\/td>\n<td><\/td>\n<td>vip 1<\/td>\n<td><\/td>\n<\/tr>\n<tr>\n<td>34<\/td>\n<td width=\"217\">KOTARSKI BART\u0141OMIEJ<\/td>\n<td><\/td>\n<td>47<\/td>\n<td><\/td>\n<\/tr>\n<tr>\n<td>35<\/td>\n<td width=\"217\">SERKOWSKI \u0141UKASZ<\/td>\n<td><\/td>\n<td>63<\/td>\n<td><\/td>\n<\/tr>\n<tr>\n<td>36<\/td>\n<td width=\"217\">DROZDEK TOMASZ<\/td>\n<td><\/td>\n<td>84<\/td>\n<td><\/td>\n<\/tr>\n<tr>\n<td>37<\/td>\n<td width=\"217\">MYSZAK TOMASZ<\/td>\n<td><\/td>\n<td>89<\/td>\n<td><\/td>\n<\/tr>\n<tr>\n<td>38<\/td>\n<td width=\"217\">RUDZEWICZ MARIUSZ<\/td>\n<td><\/td>\n<td>38<\/td>\n<td><\/td>\n<\/tr>\n<tr>\n<td>39<\/td>\n<td width=\"217\">MATULKA \u0141UKASZ<\/td>\n<td><\/td>\n<td>30<\/td>\n<td><\/td>\n<\/tr>\n<tr>\n<td>40<\/td>\n<td width=\"217\">MATUSZAK KRZYSZTOF<\/td>\n<td><\/td>\n<td>vip 23<\/td>\n<td><\/td>\n<\/tr>\n<tr>\n<td>41<\/td>\n<td width=\"217\">MA\u0141ECKI BORYS<\/td>\n<td><\/td>\n<td>71<\/td>\n<td><\/td>\n<\/tr>\n<tr>\n<td>42<\/td>\n<td width=\"217\">HARNER JACEK<\/td>\n<td><\/td>\n<td>18<\/td>\n<td><\/td>\n<\/tr>\n<tr>\n<td>43<\/td>\n<td width=\"217\">SZOSTAK GRZEGORZ<\/td>\n<td><\/td>\n<td>4<\/td>\n<td><\/td>\n<\/tr>\n<tr>\n<td>44<\/td>\n<td width=\"217\">SITEK ALFRED<\/td>\n<td width=\"64\"><\/td>\n<td>13<\/td>\n<td><\/td>\n<\/tr>\n<tr>\n<td>45<\/td>\n<td width=\"217\">OR\u0141OWSKI MARCIN<\/td>\n<td><\/td>\n<td>69<\/td>\n<td><\/td>\n<\/tr>\n<tr>\n<td>46<\/td>\n<td width=\"217\">TOMASZEWSKI DOMINIK<\/td>\n<td><\/td>\n<td>28<\/td>\n<td><\/td>\n<\/tr>\n<\/tbody>\n<\/table>\n<h2 style=\"text-align: center;\"><strong>BIEG Z PSEM &#8211; KOBIETY<\/strong><\/h2>\n<table width=\"585\">\n<tbody>\n<tr>\n<td width=\"77\">1<\/td>\n<td width=\"222\">RUDZIEWICZ URSZULA<\/td>\n<td width=\"162\"><\/td>\n<td width=\"62\">234<\/td>\n<td width=\"62\"><\/td>\n<\/tr>\n<tr>\n<td>2<\/td>\n<td width=\"222\">SZUMAN KATARZYNA<\/td>\n<td><\/td>\n<td>vip 22<\/td>\n<td><\/td>\n<\/tr>\n<tr>\n<td>3<\/td>\n<td width=\"222\">TOKARCZYK MARTA<\/td>\n<td><\/td>\n<td>203<\/td>\n<td><\/td>\n<\/tr>\n<tr>\n<td>4<\/td>\n<td width=\"222\">JAKUBIAK ANNA<\/td>\n<td><\/td>\n<td>vip 14<\/td>\n<td><\/td>\n<\/tr>\n<tr>\n<td>5<\/td>\n<td width=\"222\">KRUPOWIES JULIA<\/td>\n<td><\/td>\n<td>222<\/td>\n<td><\/td>\n<\/tr>\n<tr>\n<td>6<\/td>\n<td width=\"222\">GOCAL ANITA<\/td>\n<td><\/td>\n<td>214<\/td>\n<td><\/td>\n<\/tr>\n<tr>\n<td>7<\/td>\n<td width=\"222\">SZESZKO MAGDALENA<\/td>\n<td><\/td>\n<td>209<\/td>\n<td><\/td>\n<\/tr>\n<tr>\n<td>8<\/td>\n<td width=\"222\">ROSTRYGIN KATARZYNA<\/td>\n<td><\/td>\n<td>225<\/td>\n<td><\/td>\n<\/tr>\n<tr>\n<td>9<\/td>\n<td width=\"222\">MATUSZAK ANITA<\/td>\n<td><\/td>\n<td>229<\/td>\n<td><\/td>\n<\/tr>\n<tr>\n<td>10<\/td>\n<td width=\"222\">BIA\u0141KOWSKA GABRIELA<\/td>\n<td><\/td>\n<td>227<\/td>\n<td><\/td>\n<\/tr>\n<tr>\n<td>11<\/td>\n<td width=\"222\">KORDOWSKA PATRYCJA<\/td>\n<td><\/td>\n<td>246<\/td>\n<td><\/td>\n<\/tr>\n<tr>\n<td>12<\/td>\n<td width=\"222\">BARYLAK &#8211; WIERZGANOWSKA KASIA<\/td>\n<td><\/td>\n<td>242<\/td>\n<td><\/td>\n<\/tr>\n<tr>\n<td>13<\/td>\n<td width=\"222\">KACALSKA ZUZANNA<\/td>\n<td><\/td>\n<td>231<\/td>\n<td><\/td>\n<\/tr>\n<tr>\n<td>14<\/td>\n<td width=\"222\">BUJNOWSKA ANITA ANDRYSZCZYK<\/td>\n<td><\/td>\n<td>200<\/td>\n<td><\/td>\n<\/tr>\n<tr>\n<td>15<\/td>\n<td width=\"222\">ZAROBIAK KATARZYNA<\/td>\n<td><\/td>\n<td>224<\/td>\n<td><\/td>\n<\/tr>\n<tr>\n<td>16<\/td>\n<td width=\"222\">JASKU\u0141A MARIOLA<\/td>\n<td><\/td>\n<td>248<\/td>\n<td><\/td>\n<\/tr>\n<tr>\n<td>17<\/td>\n<td width=\"222\">HURNOWICZ JOANNA<\/td>\n<td><\/td>\n<td>233<\/td>\n<td><\/td>\n<\/tr>\n<tr>\n<td>18<\/td>\n<td width=\"222\">TUMIELEWICZ JADWIGA<\/td>\n<td><\/td>\n<td>vip 19<\/td>\n<td><\/td>\n<\/tr>\n<tr>\n<td>19<\/td>\n<td width=\"222\">REGULI\u0143SKA KAMILA<\/td>\n<td><\/td>\n<td>236<\/td>\n<td><\/td>\n<\/tr>\n<tr>\n<td>20<\/td>\n<td width=\"222\">KROTECKA ANNA<\/td>\n<td><\/td>\n<td>211<\/td>\n<td><\/td>\n<\/tr>\n<tr>\n<td>21<\/td>\n<td width=\"222\">KONIEWICZ KASIA<\/td>\n<td><\/td>\n<td>206<\/td>\n<td><\/td>\n<\/tr>\n<tr>\n<td>22<\/td>\n<td width=\"222\">SOBOLEWSKA AGATA<\/td>\n<td><\/td>\n<td>204<\/td>\n<td><\/td>\n<\/tr>\n<tr>\n<td>23<\/td>\n<td width=\"222\">DR\u0104GOWSKA MARIA<\/td>\n<td><\/td>\n<td>vip 8<\/td>\n<td><\/td>\n<\/tr>\n<tr>\n<td>24<\/td>\n<td width=\"222\">BEDNARCZYK SYLWIA<\/td>\n<td width=\"162\"><\/td>\n<td>219<\/td>\n<td><\/td>\n<\/tr>\n<tr>\n<td>25<\/td>\n<td width=\"222\">MICHALSKA KATARZYNA<\/td>\n<td><\/td>\n<td>249<\/td>\n<td><\/td>\n<\/tr>\n<tr>\n<td>26<\/td>\n<td width=\"222\">BEDNARCZYK SYLWIA<\/td>\n<td><\/td>\n<td>219<\/td>\n<td><\/td>\n<\/tr>\n<tr>\n<td>27<\/td>\n<td width=\"222\">BANIAK JOANNA<\/td>\n<td width=\"162\">\u017bUBROWSKA KAROLINA<\/td>\n<td>241<\/td>\n<td>230<\/td>\n<\/tr>\n<tr>\n<td>28<\/td>\n<td width=\"222\">KULKA MAGDALENA<\/td>\n<td><\/td>\n<td>205<\/td>\n<td><\/td>\n<\/tr>\n<tr>\n<td>29<\/td>\n<td width=\"222\">DUDZI\u0143SKA KAMILA<\/td>\n<td><\/td>\n<td>208<\/td>\n<td><\/td>\n<\/tr>\n<tr>\n<td>30<\/td>\n<td width=\"222\">NAJMARK MA\u0141GORZATA<\/td>\n<td><\/td>\n<td>207<\/td>\n<td><\/td>\n<\/tr>\n<tr>\n<td>31<\/td>\n<td width=\"222\">ADRIAN-CZABORYK MONIKA<\/td>\n<td><\/td>\n<td>228<\/td>\n<td><\/td>\n<\/tr>\n<tr>\n<td>32<\/td>\n<td width=\"222\">MALINOWSKA-WASILUK AGNIESZKA<\/td>\n<td><\/td>\n<td>201<\/td>\n<td><\/td>\n<\/tr>\n<tr>\n<td>33<\/td>\n<td width=\"222\">SOZA\u0143SKA KLAUDIA<\/td>\n<td><\/td>\n<td>216<\/td>\n<td><\/td>\n<\/tr>\n<tr>\n<td>34<\/td>\n<td width=\"222\">RATAJCZAK KAROLINA<\/td>\n<td><\/td>\n<td>221<\/td>\n<td><\/td>\n<\/tr>\n<tr>\n<td>35<\/td>\n<td width=\"222\">BOCHNIAK MA\u0141GORZATA<\/td>\n<td><\/td>\n<td>vip 6<\/td>\n<td><\/td>\n<\/tr>\n<tr>\n<td>36<\/td>\n<td width=\"222\">CHMURA KAROLINA<\/td>\n<td><\/td>\n<td>240<\/td>\n<td><\/td>\n<\/tr>\n<tr>\n<td>37<\/td>\n<td width=\"222\">TYBOROWSKA MARTYNA<\/td>\n<td><\/td>\n<td>245<\/td>\n<td><\/td>\n<\/tr>\n<tr>\n<td>38<\/td>\n<td width=\"222\">BETINA KLAUDIA<\/td>\n<td><\/td>\n<td>218<\/td>\n<td><\/td>\n<\/tr>\n<tr>\n<td>39<\/td>\n<td width=\"222\">G\u0141\u00d3WCZY\u0143SKA MARCELINA<\/td>\n<td><\/td>\n<td>243<\/td>\n<td><\/td>\n<\/tr>\n<tr>\n<td>40<\/td>\n<td width=\"222\">SALAMON BO\u017bENA<\/td>\n<td><\/td>\n<td>215<\/td>\n<td><\/td>\n<\/tr>\n<tr>\n<td>41<\/td>\n<td width=\"222\">TATO\u0143 KAMILA<\/td>\n<td width=\"162\">MACKIEWICZ URSZULA<\/td>\n<td>vip 10<\/td>\n<td>vip 9<\/td>\n<\/tr>\n<tr>\n<td>42<\/td>\n<td width=\"222\">PAPIERSKA IWONA<\/td>\n<td><\/td>\n<td>210<\/td>\n<td><\/td>\n<\/tr>\n<\/tbody>\n<\/table>\n<h2 style=\"text-align: center;\"><strong>BIEG Z PSEM &#8211; PANOWIE<\/strong><\/h2>\n<table style=\"height: 309px;\" width=\"822\">\n<tbody>\n<tr>\n<td width=\"117\">1<\/td>\n<td width=\"140\">PAWLICZAK RAFA\u0141<\/td>\n<td width=\"46\"><\/td>\n<td width=\"62\">238<\/td>\n<\/tr>\n<tr>\n<td>2<\/td>\n<td width=\"140\">GRYGIELEWICZ LESZEK<\/td>\n<td><\/td>\n<td>223<\/td>\n<\/tr>\n<tr>\n<td>3<\/td>\n<td width=\"140\">BEBKO DANIEL<\/td>\n<td><\/td>\n<td>vip 5<\/td>\n<\/tr>\n<tr>\n<td>4<\/td>\n<td width=\"140\">M\u0141YNARCZYK PIOTR<\/td>\n<td><\/td>\n<td>237<\/td>\n<\/tr>\n<tr>\n<td>5<\/td>\n<td width=\"140\">RAJCHEL MARCIN<\/td>\n<td><\/td>\n<td>232<\/td>\n<\/tr>\n<tr>\n<td>6<\/td>\n<td width=\"140\">KACZMAREK MACIEJ<\/td>\n<td><\/td>\n<td>244<\/td>\n<\/tr>\n<tr>\n<td>7<\/td>\n<td width=\"140\">SMORAWI\u0143SKI MAREK<\/td>\n<td><\/td>\n<td>226<\/td>\n<\/tr>\n<tr>\n<td>8<\/td>\n<td width=\"140\">MARCHLEWSKI ARSEN<\/td>\n<td><\/td>\n<td>220<\/td>\n<\/tr>\n<tr>\n<td>9<\/td>\n<td width=\"140\">OPACZEWSKI DAMIAN<\/td>\n<td><\/td>\n<td>239<\/td>\n<\/tr>\n<tr>\n<td>10<\/td>\n<td width=\"140\">GNIEWOSZ PIOTR<\/td>\n<td><\/td>\n<td>217<\/td>\n<\/tr>\n<tr>\n<td>11<\/td>\n<td width=\"140\">TYBOROWSKI ADRIAN<\/td>\n<td><\/td>\n<td>247<\/td>\n<\/tr>\n<\/tbody>\n<\/table>\n<h2 style=\"text-align: center;\"><strong>NORDIC WALKING &#8211; PANIE<\/strong><\/h2>\n<table width=\"799\">\n<tbody>\n<tr>\n<td width=\"64\">1<\/td>\n<td width=\"215\">SZYMSKA MA\u0141GORZATA<\/td>\n<td width=\"172\"><\/td>\n<td width=\"156\"><\/td>\n<td width=\"64\">318<\/td>\n<td width=\"64\"><\/td>\n<td width=\"64\"><\/td>\n<\/tr>\n<tr>\n<td>2<\/td>\n<td width=\"215\">PALIWODA KATARZYNA<\/td>\n<td width=\"172\"><\/td>\n<td><\/td>\n<td>303<\/td>\n<td><\/td>\n<td><\/td>\n<\/tr>\n<tr>\n<td>3<\/td>\n<td width=\"215\">GLADKOVSKA IRYNA<\/td>\n<td width=\"172\"><\/td>\n<td><\/td>\n<td>332<\/td>\n<td><\/td>\n<td><\/td>\n<\/tr>\n<tr>\n<td>4<\/td>\n<td width=\"215\">GOLUS URSZULA<\/td>\n<td width=\"172\"><\/td>\n<td><\/td>\n<td>329<\/td>\n<td><\/td>\n<td><\/td>\n<\/tr>\n<tr>\n<td>5<\/td>\n<td width=\"215\">GABERT BEATA<\/td>\n<td width=\"172\"><\/td>\n<td><\/td>\n<td>319<\/td>\n<td><\/td>\n<td><\/td>\n<\/tr>\n<tr>\n<td>6<\/td>\n<td width=\"215\">MADRAK ANNA<\/td>\n<td width=\"172\"><\/td>\n<td><\/td>\n<td>309<\/td>\n<td><\/td>\n<td><\/td>\n<\/tr>\n<tr>\n<td>7<\/td>\n<td width=\"215\">BALCERAK ALEKSANDRA<\/td>\n<td width=\"172\">PAROBCZY JUSTYNA<\/td>\n<td><\/td>\n<td>324<\/td>\n<td>323<\/td>\n<td><\/td>\n<\/tr>\n<tr>\n<td>8<\/td>\n<td width=\"215\">WOCH MA\u0141GORZATA<\/td>\n<td width=\"172\"><\/td>\n<td><\/td>\n<td>320<\/td>\n<td><\/td>\n<td><\/td>\n<\/tr>\n<tr>\n<td>9<\/td>\n<td width=\"215\">BIERNACKA HELENA<\/td>\n<td width=\"172\"><\/td>\n<td><\/td>\n<td>310<\/td>\n<td><\/td>\n<td><\/td>\n<\/tr>\n<tr>\n<td>10<\/td>\n<td width=\"215\">KUDERSKA IWONA<\/td>\n<td width=\"172\"><\/td>\n<td><\/td>\n<td>305<\/td>\n<td><\/td>\n<td><\/td>\n<\/tr>\n<tr>\n<td>11<\/td>\n<td width=\"215\">SIKORSKA MAGDALENA<\/td>\n<td width=\"172\"><\/td>\n<td><\/td>\n<td>315<\/td>\n<td><\/td>\n<td><\/td>\n<\/tr>\n<tr>\n<td>12<\/td>\n<td width=\"215\">KOTARSKA MA\u0141GORZATA<\/td>\n<td width=\"172\"><\/td>\n<td><\/td>\n<td>vip 16<\/td>\n<td><\/td>\n<td><\/td>\n<\/tr>\n<tr>\n<td>13<\/td>\n<td width=\"215\">KRZYCHOWIEC AGATA<\/td>\n<td width=\"172\"><\/td>\n<td><\/td>\n<td>302<\/td>\n<td><\/td>\n<td><\/td>\n<\/tr>\n<tr>\n<td>14<\/td>\n<td width=\"215\">G\u00d3RSKA AGNIESZKA<\/td>\n<td width=\"172\"><\/td>\n<td><\/td>\n<td>317<\/td>\n<td><\/td>\n<td><\/td>\n<\/tr>\n<tr>\n<td>15<\/td>\n<td width=\"215\">WO\u0179NIEWSKA GRA\u017bYNA<\/td>\n<td width=\"172\"><\/td>\n<td><\/td>\n<td>300<\/td>\n<td><\/td>\n<td><\/td>\n<\/tr>\n<tr>\n<td>16<\/td>\n<td width=\"215\">WNUK WANDA<\/td>\n<td width=\"172\"><\/td>\n<td><\/td>\n<td>308<\/td>\n<td><\/td>\n<td><\/td>\n<\/tr>\n<tr>\n<td>17<\/td>\n<td width=\"215\">JANIK MARTA<\/td>\n<td width=\"172\"><\/td>\n<td><\/td>\n<td>321<\/td>\n<td><\/td>\n<td><\/td>\n<\/tr>\n<tr>\n<td>18<\/td>\n<td width=\"215\">CIE\u015aLIK IZABELA<\/td>\n<td width=\"172\"><\/td>\n<td><\/td>\n<td>327<\/td>\n<td><\/td>\n<td><\/td>\n<\/tr>\n<tr>\n<td>19<\/td>\n<td width=\"215\">ZDUNOWSKA- JANIK ANNA<\/td>\n<td width=\"172\"><\/td>\n<td><\/td>\n<td>322<\/td>\n<td><\/td>\n<td><\/td>\n<\/tr>\n<tr>\n<td>20<\/td>\n<td width=\"215\">LEWAK KATARZYNA<\/td>\n<td width=\"172\">KWA\u015aNA TERESA<\/td>\n<td><\/td>\n<td>313<\/td>\n<td>314<\/td>\n<td><\/td>\n<\/tr>\n<tr>\n<td>21<\/td>\n<td width=\"215\">BOBOWIK &#8211; KOWALIK ALEKSANDRA<\/td>\n<td width=\"172\"><\/td>\n<td><\/td>\n<td>325<\/td>\n<td><\/td>\n<td><\/td>\n<\/tr>\n<tr>\n<td>22<\/td>\n<td width=\"215\">JATCZAK KATARZYNA<\/td>\n<td width=\"172\">KARCZEWSKA MAGDALENA<\/td>\n<td width=\"156\">BOCHENEK DOROTA<\/td>\n<td>307<\/td>\n<td>304<\/td>\n<td>306<\/td>\n<\/tr>\n<\/tbody>\n<\/table>\n<h2 style=\"text-align: center;\"><strong>NORDIC WALKING &#8211; PANOWIE<\/strong><\/h2>\n<table width=\"387\">\n<tbody>\n<tr>\n<td width=\"64\">1<\/td>\n<td width=\"212\">NAKONIECZNY GRZEGORZ<\/td>\n<td width=\"47\">328<\/td>\n<td width=\"64\"><\/td>\n<\/tr>\n<tr>\n<td>2<\/td>\n<td width=\"212\">LIPI\u0143SKI KAROL<\/td>\n<td>311<\/td>\n<td><\/td>\n<\/tr>\n<tr>\n<td>3<\/td>\n<td width=\"212\">ZDANUK ARTUR<\/td>\n<td>301<\/td>\n<td><\/td>\n<\/tr>\n<tr>\n<td>4<\/td>\n<td width=\"212\">STEFANICKI MAREK<\/td>\n<td>316<\/td>\n<td><\/td>\n<\/tr>\n<tr>\n<td>5<\/td>\n<td width=\"212\">LENER S\u0141AWOMIR<\/td>\n<td>326<\/td>\n<td><\/td>\n<\/tr>\n<tr>\n<td>6<\/td>\n<td width=\"212\">GOLUS LECH<\/td>\n<td>330<\/td>\n<td><\/td>\n<\/tr>\n<tr>\n<td>7<\/td>\n<td width=\"212\">LEWAK ARKADIUSZ<\/td>\n<td>312<\/td>\n<td><\/td>\n<\/tr>\n<\/tbody>\n<\/table>\n","protected":false},"excerpt":{"rendered":"<p>WYNIKI 2017 KOBIETY OPEN &#8211; BIEG 1 M\u0141YNARCZYK TATIANA 49 2 ZAGROCKA MIROS\u0141AWA 72 3 JAROS\u0141AWSKA SANDRA 48 4 NOWAK MA\u0141GORZATA 94 5 JAROS\u0141AWSKA JOWITA 83 6 SAKOWSKA-CAR\u0141O MAGDA 90 7 WITKOWSKA ANNA 33 8 \u017bYLUK BO\u017bENA 12 9 STR\u0104K IZABELA 29 10 SZUMAN KATARZYNA vip 22 11 ZIEMBICKA EMILIA vip 17 12 NOCNA ANNA [&hellip;]<\/p>\n","protected":false},"author":1,"featured_media":0,"parent":1565,"menu_order":0,"comment_status":"closed","ping_status":"closed","template":"","meta":{"footnotes":""},"class_list":["post-2837","page","type-page","status-publish","hentry"],"_links":{"self":[{"href":"https:\/\/kbdzik.pl\/index.php?rest_route=\/wp\/v2\/pages\/2837","targetHints":{"allow":["GET"]}}],"collection":[{"href":"https:\/\/kbdzik.pl\/index.php?rest_route=\/wp\/v2\/pages"}],"about":[{"href":"https:\/\/kbdzik.pl\/index.php?rest_route=\/wp\/v2\/types\/page"}],"author":[{"embeddable":true,"href":"https:\/\/kbdzik.pl\/index.php?rest_route=\/wp\/v2\/users\/1"}],"replies":[{"embeddable":true,"href":"https:\/\/kbdzik.pl\/index.php?rest_route=%2Fwp%2Fv2%2Fcomments&post=2837"}],"version-history":[{"count":1,"href":"https:\/\/kbdzik.pl\/index.php?rest_route=\/wp\/v2\/pages\/2837\/revisions"}],"predecessor-version":[{"id":2838,"href":"https:\/\/kbdzik.pl\/index.php?rest_route=\/wp\/v2\/pages\/2837\/revisions\/2838"}],"up":[{"embeddable":true,"href":"https:\/\/kbdzik.pl\/index.php?rest_route=\/wp\/v2\/pages\/1565"}],"wp:attachment":[{"href":"https:\/\/kbdzik.pl\/index.php?rest_route=%2Fwp%2Fv2%2Fmedia&parent=2837"}],"curies":[{"name":"wp","href":"https:\/\/api.w.org\/{rel}","templated":true}]}}