{"id":58,"date":"2015-02-15T18:56:16","date_gmt":"2015-02-15T18:56:16","guid":{"rendered":"http:\/\/serwer1574961.home.pl\/?page_id=58"},"modified":"2015-02-15T18:57:58","modified_gmt":"2015-02-15T18:57:58","slug":"wniosek-czlonkowski-dzieci","status":"publish","type":"page","link":"https:\/\/kbdzik.pl\/?page_id=58","title":{"rendered":"Wniosek Cz\u0142onkowski Dzieci"},"content":{"rendered":"<p><a href=\"http:\/\/serwer1574961.home.pl\/wp-content\/uploads\/2015\/02\/DEKLARACJA-CZ\u0141ONKOWSKA-KB-DZIK-OS\u00d3B-NIEPE\u0141NOLETNICH.docx\">DEKLARACJA CZ\u0141ONKOWSKA KB DZIK OS\u00d3B NIEPE\u0141NOLETNICH<\/a><\/p>\n","protected":false},"excerpt":{"rendered":"<p>DEKLARACJA CZ\u0141ONKOWSKA KB DZIK OS\u00d3B NIEPE\u0141NOLETNICH<\/p>\n","protected":false},"author":1,"featured_media":0,"parent":53,"menu_order":0,"comment_status":"open","ping_status":"open","template":"","meta":{"footnotes":""},"class_list":["post-58","page","type-page","status-publish","hentry"],"_links":{"self":[{"href":"https:\/\/kbdzik.pl\/index.php?rest_route=\/wp\/v2\/pages\/58","targetHints":{"allow":["GET"]}}],"collection":[{"href":"https:\/\/kbdzik.pl\/index.php?rest_route=\/wp\/v2\/pages"}],"about":[{"href":"https:\/\/kbdzik.pl\/index.php?rest_route=\/wp\/v2\/types\/page"}],"author":[{"embeddable":true,"href":"https:\/\/kbdzik.pl\/index.php?rest_route=\/wp\/v2\/users\/1"}],"replies":[{"embeddable":true,"href":"https:\/\/kbdzik.pl\/index.php?rest_route=%2Fwp%2Fv2%2Fcomments&post=58"}],"version-history":[{"count":1,"href":"https:\/\/kbdzik.pl\/index.php?rest_route=\/wp\/v2\/pages\/58\/revisions"}],"predecessor-version":[{"id":60,"href":"https:\/\/kbdzik.pl\/index.php?rest_route=\/wp\/v2\/pages\/58\/revisions\/60"}],"up":[{"embeddable":true,"href":"https:\/\/kbdzik.pl\/index.php?rest_route=\/wp\/v2\/pages\/53"}],"wp:attachment":[{"href":"https:\/\/kbdzik.pl\/index.php?rest_route=%2Fwp%2Fv2%2Fmedia&parent=58"}],"curies":[{"name":"wp","href":"https:\/\/api.w.org\/{rel}","templated":true}]}}